ve of 0*h**4 + 0 - 45*h**2 - 1/30*h**5 + 2*h + 1/6*h**3 + 19/120*h**6. Give v(-1).
-20
Let x = 2081 - 2046. Let c(m) = 3*m**2 - 104*m - 38. Determine c(x).
-3
Let q(v) = 11*v**2 + 23*v + 11. Suppose 0 = 14*s - 172 - 10. Let n(h) = 5*h**2 + 11*h + 5. Let a = -21 + 15. Let l(k) = a*q(k) + s*n(k). What is l(6)?
-7
Let t(s) = s**2 - 5*s - 7. Suppose -4 = -4*x + 24. Determine t(x).
7
Let z(p) = -5*p - 18. Let m(f) = 5. Let k(v) = -4*m(v) - z(v). What is k(0)?
-2
Let i(k) be the first derivative of k**3/3 + 5*k**2/2 - 10*k - 163. Determine i(-7).
4
Let f(o) = -4*o**2 + 10*o - 2. Let r(w) = 3*w**2 - 8*w + 2. Let b(p) = 5*f(p) + 6*r(p). Let u be 3*(3 + -6 + 0). Let t = u + 12. Give b(t).
-10
Suppose 3*u = -4 + 7. Let p(s) be the first derivative of -u + 3*s - 1/4*s**4 + s**2 - s**3. Give p(-3).
-3
Suppose 243 = 27*z - 54*z. Let y(p) = -2*p - 15. What is y(z)?
3
Let w(g) = 4*g - 3. Let u(k) = -4*k**2 - 3*k - 4. Let f be u(-4). Let m = -27 - f. Suppose b - m = -4*b + 3*z, 5*z + 23 = 2*b. Give w(b).
13
Let h(w) be the second derivative of w**5/20 - 7*w**4/12 + 7*w**3/6 - w**2 - 16*w - 1. Let n be (-23)/(-4) - (-7)/28. Give h(n).
4
Let k(x) = -3*x**2 - 2*x. Suppose 2*g = 13*g + 22. What is k(g)?
-8
Let q(g) = g**2 - 2*g + 1. Let d = -76 + 77. Determine q(d).
0
Let x(j) be the second derivative of -j**3/2 + j**2/2 - 12*j + 3. Let y(u) = -3*u + 1. Let t be y(0). What is x(t)?
-2
Let b(p) = 6 + 10 - 3*p + 0 - 19 + p. What is b(-5)?
7
Let m be ((-18)/21)/((-201)/(-938)). Let p(d) = -d**3 + 0*d**2 + 2*d - 2 - 3*d**2 + 2*d. Calculate p(m).
-2
Let f(s) = s**3 + 10*s**2 - 3. Suppose 9*l - 13*l - 40 = 0. Let v be f(l). Let w(m) = -m**2 - 2*m + 4. Determine w(v).
1
Let v(z) be the third derivative of -z**5/60 - 5*z**4/12 + 3*z**3/2 + 7*z**2 + 3. Determine v(-10).
9
Let n(w) be the third derivative of -w**5/60 + w**4/24 + 5*w**3/3 - 205*w**2 + 1. Let i be (-4)/(1 - 10/6). Suppose -i*m = -4*m. Calculate n(m).
10
Let r(v) = -v**3 + 9*v**2 - 8*v - 1. Let a(t) = -t**3 - 11*t**2 + 23*t - 31. Let j be a(-13). Determine r(j).
-1
Let n(g) = g - 1908 + 1908 - 14*g**2. Calculate n(-1).
-15
Let t(g) = g**2 + 6*g + 6. Suppose 3*q + 40 = -3*z + 10, 2*z = 2*q. Let m be t(q). Let y(i) = i**2 - i + 7*i**3 + i**2 - 6*i**3 - 5*i**3. Calculate y(m).
-3
Let b(a) = 4*a**2 - 5*a**3 - 3*a**3 + 5*a**3 + 2*a**3 + 1. Let y be b(4). Let n(t) = 1 + 3 + t**2 - 2*t - y - 1. Calculate n(4).
10
Let a = -7 - -42. Let b be (-12)/(-21)*a/(-10). Let i(s) = -3*s - 6. Let o(m) = 4*m + 7. Let c(t) = b*o(t) - 3*i(t). Calculate c(-3).
1
Suppose -z - 4*z + 5 = 0. Let t(j) be the second derivative of 0*j**3 - 1/2*j**2 + 0 + 1/6*j**4 + 1/10*j**5 - 12*j. Calculate t(z).
3
Let l(n) = -n - 1. Suppose -5*i - 2*d + 40 = 0, i + 0*d - d - 15 = 0. Let y = i - -8. Let r = y + -21. Determine l(r).
2
Let m(d) = 2*d + 3. Let a(f) = -f**2 - 12*f - 11. Let q be a(-11). Suppose -y + 4 + 4 = q. Let l = 3 - y. Calculate m(l).
-7
Let m(b) be the second derivative of b**3/6 + 3*b**2/2 - 9*b. Give m(6).
9
Let j(i) be the second derivative of -i**5/20 - i**4 - 4*i**3/3 + 13*i**2/2 + i. What is j(-11)?
-20
Let i(p) = -2*p**2 + 21*p + 38. Let q(u) = -3*u**2 + 34*u + 57. Let t(k) = -8*i(k) + 5*q(k). What is t(-6)?
5
Let a(v) = -v**2 + 2*v. Let i(l) = 3*l**3. Let u be i(1). Suppose u*f = -2 + 8. Determine a(f).
0
Let y(h) = -3*h**2 - 101*h - 63. Let s be y(-33). Let o(l) = -6*l + 10. What is o(s)?
-8
Let m(g) = g**2 - g - 2. Let n be 8568/(-120) + (-3)/5. Let p = 74 + n. Determine m(p).
0
Let i = 27 + -23. Suppose -j + 4*r + i = -0*j, 3*r = j - 3. Let k(m) = -m - 2. What is k(j)?
-2
Let a(p) be the second derivative of p**4/12 - 19*p**3/6 + 16*p**2 - 28*p - 12. Give a(16).
-16
Let q(f) be the first derivative of f**3/3 + 3*f**2/2 + 5*f - 133. What is q(-4)?
9
Let g(m) = m**2 + 5*m + 1. Let s(b) = -b**2 - 5*b - 2. Let z(f) = -2*g(f) - 3*s(f). Suppose -2*h - 4*o = 0, o = -2*h - o + 4. Let k = h + -8. Calculate z(k).
0
Let v(k) = -k + 2. Let a(g) = g**2 - 10*g + 13. Let f(x) = -a(x) + 6*v(x). Suppose -4*c + 30 = 2*q, -c + 4*q = c. Determine f(c).
-13
Let q(u) = -3. Let a(y) = 5*y**2 + 23*y - 15. Let b(s) = -a(s) + 2*q(s). What is b(-5)?
-1
Let l(m) = 115*m - 11 - 7*m**2 - 114*m + m**3 + 1. Determine l(7).
-3
Let j(o) = -o**3 + 3*o**2 - o + 2. Suppose -3*g = g - 20. Let h(l) = -l**2 + 5*l + 2. Let p be h(g). What is j(p)?
4
Let h(l) = -6*l + 9 + 11*l - 2*l. Determine h(-3).
0
Suppose 8 + 8 = 2*i. Let j be -4*(12/i + -2). Let m(b) = -3*b + 4. Let a(f) = 1. Let k(q) = -3*a(q) + m(q). What is k(j)?
-5
Let a = 170 - 173. Let i(m) be the second derivative of -m**3/3 - m**2/2 - m. What is i(a)?
5
Let s(f) be the third derivative of -f**6/240 - 7*f**5/120 - f**4/6 - 2*f**2 - 14. Let m(w) be the second derivative of s(w). Calculate m(-7).
14
Let x(b) = 12*b**3 + b - 13*b**3 - 2 + 3*b**2 + b**2. Let i(d) = 5*d + 43. Let s be i(-8). What is x(s)?
10
Suppose 4*p = -2*p + 36. Suppose -8*c + p*c - 12 = 0. Let m = 2 + c. Let s(u) = u**2 + 2*u + 1. Give s(m).
9
Let o(c) be the first derivative of c**2/2 + 5*c + 18. Give o(-4).
1
Let b(c) be the second derivative of -c**6/360 + 7*c**5/120 - 7*c**4/24 - 2*c**3/3 + 36*c. Let k(t) be the second derivative of b(t). Calculate k(7).
-7
Let p(u) = u**3 - u**2 + u - 2. Let k = 92 + -168. Let f = k + 78. Calculate p(f).
4
Let u(w) = -w**3 - 12*w**2 + 11*w - 24. Let x be u(-13). Suppose 4*a + x*g = 7*a + 14, 3*a + 12 = 3*g. Let l(j) = 3*j + 9. Give l(a).
-9
Let t(s) be the first derivative of s**4/4 - 7*s**3/3 + 4*s**2 + 3*s - 13. Let o be 2/4*(45 + 1). Let k = o + -17. Calculate t(k).
15
Suppose j - 32 = 17*j. Let y(v) = 2*v + 2. Give y(j).
-2
Let x be 9/6*(-40)/(-30). Let u(n) = x*n - 14*n + 5*n. Give u(1).
-7
Let i(q) = -q**2 - 6*q + 9. Let g be i(-7). Let a(c) be the first derivative of c**2/2 + c - 9. Determine a(g).
3
Let v(o) = -o**2 + o - 5. Suppose 12*g - 11*g = -3. Determine v(g).
-17
Let r = 6916 + -6921. Let l(k) be the third derivative of -k**4/12 + 2*k**3/3 - k**2. Give l(r).
14
Let d(j) = 2 - j**2 + j - 3*j**2 + 3*j**2. Suppose -u = u + 2. Let q be 3/u + (3 - 2). Give d(q).
-4
Let f(d) = -d**3 + 7*d**2 + 3*d + 4. Let c be f(0). Let t(s) be the second derivative of 1/20*s**5 - 2*s**2 + 0*s**4 - c*s - 1/6*s**3 + 0. Determine t(0).
-4
Let c(d) = 2*d - 9. Let n(z) = -1. Let m(x) = x**3 + 8*x**2 + 8*x + 13. Let v(a) = m(a) - n(a). Let j = -8 + 1. Let p be v(j). Calculate c(p).
5
Let l be -1 - (2 - (-2 - -5)). Let h(c) = c**2 + 5. Give h(l).
5
Let b(d) = d**2 - 2*d - 2. Let r = 5 + 15. Let w = 18 - r. Determine b(w).
6
Let f(d) = d**3 - 3*d**2 - 4. Suppose -p = 4*p. Let t = -8 + 11. Suppose -h = -p*h - t. Calculate f(h).
-4
Suppose -9 + 0 = -3*i. Suppose -1 = -4*g - y - 2, -3*y = -g + i. Suppose -3*n + 1 = 2*m - g, 3*m - 7 = n. Let l(b) = 3*b + 1. What is l(m)?
7
Let x(g) = -g**2 + 11*g - 4. Let z(q) = 29*q - 284. Let w be z(10). What is x(w)?
26
Let u(k) be the first derivative of -k**2 + 2*k + 2. Let a be (-58)/16 + 6/(-16). What is u(a)?
10
Let o be (-28)/(-182) + (-50)/(-13). Let s(p) be the second derivative of p**3 + 1/12*p**o + 0 + p + 3*p**2. What is s(-4)?
-2
Let r(n) = n**2 - 7*n - 92. Let j be r(-7). Let b(k) = k**3 - 6*k**2 + 2*k - 7. Calculate b(j).
5
Let g(c) = -c**3 - 9*c**2 - 13*c + 10. Let p be g(-7). Suppose p*x - 2*x + 4 = 4*w, -4*w = -3*x + 12. Let n(m) = m**3 - 9*m**2 + 9*m - 5. Determine n(x).
3
Let f = 10 + -6. Let l be (-21)/(-15) + f/(-10). Let u(g) be the first derivative of 5*g**4/2 - 2*g**3/3 + g**2 - g + 15. Give u(l).
9
Let q(p) = -12*p**2 + 3*p + 1. Suppose 21 = -15*y - 6*y. Calculate q(y).
-14
Let i(r) = -r + 4. Let k be i(0). Suppose -k = -2*y - 2*y. Let o(x) be the first derivative of 4*x**3/3 - x**2 + x + 6. Give o(y).
3
Let t(s) = -3*s - 8. Let p(j) = 4*j + 7. Let n(z) = -3*p(z) - 2*t(z). Let d(a) = -17*a - 15. Let y(u) = 4*d(u) - 11*n(u). Calculate y(-7).
9
Let u(c) = 17*c - 22. Let q be u(1). Let f(h) = -h**3 - 3*h**2 + 5*h + 4. Let t be f(-4). Let b(l) = -l + 0*l + t + 7. Determine b(q).
12
Let p(m) = -m**2 + 5*m - 4. Let v be p(4). Let b be -3 - (-4 + (-4 - -2)). Let g(c) = 12*c + b - 11*c + 1 + v. Determine g(0).
4
Let b be (2 - 3) + 1 - (4 - 7). Let l(p) = 0*p**3 - 2*p**3 + 2*p - b + 6*p**2 - 6*p**2. Calculate l(2).
-15
Let x = 17 + 2. Let p = x + -19. Let c